{"id":596,"date":"2024-08-06T17:38:54","date_gmt":"2024-08-06T15:38:54","guid":{"rendered":"https:\/\/www.dobrasmrt.sk\/?page_id=596"},"modified":"2024-08-06T17:38:54","modified_gmt":"2024-08-06T15:38:54","slug":"preco-ma-jana-v-logu-vcielku","status":"publish","type":"page","link":"https:\/\/www.dobrasmrt.sk\/?page_id=596","title":{"rendered":"pre\u010do m\u00e1 jana v logu v\u010dielku?"},"content":{"rendered":"\n<p class=\"has-contrast-color has-text-color has-link-color wp-elements-185f70b5fc7543aca4a0440ab01684bf\">Toto logo symbolizuje koncept, ktor\u00fd Jana doniesla z UK. C\u00edti sa ako v\u010delia matka, \u00fale a v\u010deli\u010dky za \u0148ou a ved\u013ea nej s\u00fa ako semienka, ktor\u00e9 sa jej podarilo nakl\u00ed\u010di\u0165 a spr\u00e1vne posun\u00fa\u0165. Ka\u017ed\u00e1 osoba ktor\u00e1 za\u010dne sprev\u00e1dza\u0165 je ako v\u010deli\u010dka v \u00fali.<\/p>\n\n\n\n<p class=\"has-contrast-color has-text-color has-link-color wp-elements-adc7ce274389cd71e6a0ab4716d488ca\">V\u010dela ako symbol bez ktor\u00e9ho by sme tu neboli. Zlat\u00e1 farba ako zlat\u00fd nekt\u00e1r ktor\u00fd n\u00e1s v\u0161etk\u00fdch vy\u017eivuje. Nekt\u00e1r je ako symbol n\u00e1\u0161ho odchodu, ktor\u00fd je tak d\u00f4le\u017eit\u00e9 urobi\u0165 dobre, preto\u017ee to ako od\u00eddeme ovplyv\u0148uje aj gener\u00e1cie po n\u00e1s a pred nami.<\/p>\n\n\n\n<p class=\"has-contrast-color has-text-color has-link-color wp-elements-046087d49a7f2194095d997636e59072\">Prepojenia v pl\u00e1stoch-to s\u00fa spojenia s organiz\u00e1ciami a v\u0161etk\u00fdmi \u013eu\u010fmi, ktor\u00ed chc\u00fa aby bolo zomieranie \u013eudskej\u0161ie a lep\u0161ie. Komunita- ako v\u010dely, kde spolo\u010dn\u00e1 kon\u0161tanta je smr\u0165 ktor\u00e1 n\u00e1s prep\u00e1ja. Kone\u010dnos\u0165.<\/p>\n\n\n\n<p class=\"has-contrast-color has-text-color has-link-color wp-elements-d3a2804a1d8c55500ad40a195471b5e4\">Koniec nemus\u00ed by\u0165 trauma, ale m\u00f4\u017ee by\u0165 aj MEDic\u00edna-ako med. Aj ke\u010f v\u010dela u\u0161tipne, bol\u00ed to, ale je tam ur\u010dit\u00e1 medic\u00edna. Smr\u0165\/trauma n\u00e1s zasiahne a m\u00e1me pri tom intenz\u00edvne pocity-v kone\u010dnom d\u00f4sledku to m\u00f4\u017ee by\u0165 pre n\u00e1s obrovsk\u00e1 medic\u00edna ak ju spr\u00e1vne pochop\u00edme.<\/p>\n","protected":false},"excerpt":{"rendered":"<p>Toto logo symbolizuje koncept, ktor\u00fd Jana doniesla z UK. C\u00edti sa ako v\u010delia matka, \u00fale a v\u010deli\u010dky za \u0148ou a ved\u013ea nej s\u00fa ako semienka, ktor\u00e9 sa jej podarilo nakl\u00ed\u010di\u0165 a spr\u00e1vne posun\u00fa\u0165. Ka\u017ed\u00e1 osoba ktor\u00e1 za\u010dne sprev\u00e1dza\u0165 je ako v\u010deli\u010dka v \u00fali. V\u010dela ako symbol bez ktor\u00e9ho by sme tu neboli. Zlat\u00e1 farba ako [&hellip;]<\/p>\n","protected":false},"author":3,"featured_media":0,"parent":0,"menu_order":0,"comment_status":"closed","ping_status":"closed","template":"","meta":{"footnotes":""},"class_list":["post-596","page","type-page","status-publish","hentry"],"jetpack_sharing_enabled":true,"_links":{"self":[{"href":"https:\/\/www.dobrasmrt.sk\/index.php?rest_route=\/wp\/v2\/pages\/596","targetHints":{"allow":["GET"]}}],"collection":[{"href":"https:\/\/www.dobrasmrt.sk\/index.php?rest_route=\/wp\/v2\/pages"}],"about":[{"href":"https:\/\/www.dobrasmrt.sk\/index.php?rest_route=\/wp\/v2\/types\/page"}],"author":[{"embeddable":true,"href":"https:\/\/www.dobrasmrt.sk\/index.php?rest_route=\/wp\/v2\/users\/3"}],"replies":[{"embeddable":true,"href":"https:\/\/www.dobrasmrt.sk\/index.php?rest_route=%2Fwp%2Fv2%2Fcomments&post=596"}],"version-history":[{"count":1,"href":"https:\/\/www.dobrasmrt.sk\/index.php?rest_route=\/wp\/v2\/pages\/596\/revisions"}],"predecessor-version":[{"id":597,"href":"https:\/\/www.dobrasmrt.sk\/index.php?rest_route=\/wp\/v2\/pages\/596\/revisions\/597"}],"wp:attachment":[{"href":"https:\/\/www.dobrasmrt.sk\/index.php?rest_route=%2Fwp%2Fv2%2Fmedia&parent=596"}],"curies":[{"name":"wp","href":"https:\/\/api.w.org\/{rel}","templated":true}]}}